prime factors of u.
2, 3, 5
Let i(y) = 7*y - 83. Let d be i(13). Suppose 12*l - d*l = 1504. List the prime factors of l.
2, 47
Let v(q) = 3*q + 15. Let b = 52 + -56. Let d be v(b). Let t(i) = 5*i**3 - i**2 - 4*i. What are the prime factors of t(d)?
2, 3, 19
Let b = 106 + -88. Suppose 1088 = 20*v - b*v. What are the prime factors of v?
2, 17
Let r(g) = -25*g - 119. Let a be r(-5). Suppose 3*b - a = 1230. List the prime factors of b.
2, 103
Let i(z) = -536*z + 319. What are the prime factors of i(-7)?
3, 23, 59
Let o = -12 + -7. Let v = 45 + o. Suppose -24*x + v*x - 8 = 0. List the prime factors of x.
2
Let j(v) = 2811*v + 12509. What are the prime factors of j(10)?
151, 269
Suppose 0*y + 175 = -5*y. Let s = -5333 + 5336. Let a = s - y. What are the prime factors of a?
2, 19
Suppose 1971*x = 2073*x - 1386486. List the prime factors of x.
3, 23, 197
Let r be (-8)/10*(30*-2)/3. Let p(o) be the first derivative of -o**3/3 + 9*o**2 - o - 59. List the prime factors of p(r).
31
Suppose -113 + 274 = 23*f. Let s = -11 + 17. Suppose s*l = f*l - 78. What are the prime factors of l?
2, 3, 13
Let d = 42 - 40. Suppose -2*x = d*r - 10, r + 4*x - 7 = 7. List the prime factors of -51*(-3 - (r + -3)).
2, 3, 17
Let q be (-692)/(-5) + -9*(-20)/(-450). Let v = 103 + q. What are the prime factors of v?
241
What are the prime factors of (296 - (0 - -6))/((-8)/(-288))?
2, 3, 5, 29
Suppose 4*s - 36113 = -3*w - 8521, 5*w = 2*s - 13770. List the prime factors of s.
5, 7, 197
Suppose -74*f - 2306 + 4728 + 67952 = 0. List the prime factors of f.
3, 317
Let p = 14414 - 7410. What are the prime factors of p?
2, 17, 103
Let k(n) = -21*n**3 - n**2 - n + 2. Let c = -94 - -92. Let m be k(c). Let z = m - 92. List the prime factors of z.
2, 19
Let t(w) = 6*w - 125. Let y be t(24). Suppose 917 = -y*d + 5477. What are the prime factors of d?
2, 3, 5
Let h(t) = 3953*t**2 + 13*t - 21. What are the prime factors of h(2)?
15817
Let p be 2/(-10) - (-78)/15. Suppose 0 = 4*k + 3*d - 1256, 7 = -3*d - p. Suppose -5*y - r + 526 = 0, 3*y - 3*r - k = -5*r. List the prime factors of y.
3, 5, 7
List the prime factors of 238*(-6 + ((-2454)/(-12) - -7)).
3, 7, 17, 137
Let h be 3*(6 - 5472/(-27)). Suppose 5190 = 14*p + h. What are the prime factors of p?
2, 163
Suppose -4*o - 2 = -2*i, -i = -4*o - 122 + 123. Suppose n + 1081 = 2*p, 2*n = p - i*n - 518. What are the prime factors of p?
3, 181
Let t be 15/(-35) + (-288)/14. Let p be (3/(-27)*3)/(1/t). Let c(l) = l**2 + 2*l - 6. What are the prime factors of c(p)?
3, 19
Suppose 0 = 3*r + 4*r - 1659. Let b = r + -89. What are the prime factors of b?
2, 37
Suppose 2*r = -15 + 133. Let x(s) = 11*s**2 - r*s - 63*s + 12 + s**3 + 130*s. What are the prime factors of x(-10)?
2
Let p = -9709 - -19895. What are the prime factors of p?
2, 11, 463
Let h = -81 + -4. Suppose -4*d - 52 = 96. Let n = d - h. What are the prime factors of n?
2, 3
Suppose 74*n = 75*n - 3, 5*d - 145085 = -5*n. What are the prime factors of d?
2, 89, 163
Let t(r) = -r**2 + 2*r**2 - 5*r + 22 + 11*r + 7*r. Let j be t(-12). Suppose 3690 = j*w + 5*w. List the prime factors of w.
2, 3, 41
Let o(t) be the third derivative of t**4/24 - 5*t**3 + 10*t**2. Let d be o(10). List the prime factors of d/(-7) + 2 - (-8)/56.
5
Let o(d) = d**2 - 6*d - 24. Let f be o(-9). Let w = f - 30. Let l = w + -10. List the prime factors of l.
71
Let j = 455 + -517. List the prime factors of (-6 - j/10)*9355.
1871
Let o = 1785 - 835. Let f = -444 + o. What are the prime factors of f?
2, 11, 23
Let v(k) = k + 26. Let w be v(-20). Suppose 179 = w*z - 505. List the prime factors of z.
2, 3, 19
Let r be (-23)/(-6) - 2/(-12). Suppose r*n - 58 = 2*n. Let d = -8 + n. What are the prime factors of d?
3, 7
Suppose -6167 = 10*f - 86377. Suppose 20*c - f = 7*c. List the prime factors of c.
617
Let p(i) = 2*i + 32. Let b be p(-15). Suppose 5*y + 5*j = 61 + 69, 0 = y - b*j - 17. Suppose 3*t - y = 301. What are the prime factors of t?
2, 3
Suppose -4*h - 3*r = -12, 0 = -h + r + 2 - 6. Let v be (h/(-4))/(0 - 1). Suppose 4*q - 4*k = 568, 4*q - 3*q + 4*k - 167 = v. List the prime factors of q.
3, 7
Let n = 21 - 22. List the prime factors of (n - (-28)/20)/(5/10025).
2, 401
Let u be 1231 - ((-5 - -1) + 10). Suppose -6*a + a + u = 0. List the prime factors of a.
5, 7
Let b be (-276)/(-48) + (-3)/(-12). Suppose 0 = -b*r + r + 510. List the prime factors of r.
2, 3, 17
Let i = -4051 - -6991. Suppose -3*n - n + 20 = 0, -2*n + i = 5*c. Let d = c + -384. What are the prime factors of d?
2, 101
What are the prime factors of ((-5 + 1)/(-2) - 11110)/((-189)/567)?
2, 3, 2777
Let s(i) = 46*i + 51. Let l be s(25). Suppose 41 = 4*d + l. Let c = -121 - d. What are the prime factors of c?
13
Let d = -1968 - -2828. Suppose d = 6*j - j. What are the prime factors of j?
2, 43
Suppose 0 = 5*u - 2*n - 74, -3*u + 4*n + 64 = u. Suppose u*l - 889 = 1029. Suppose -l*x + 132*x = -1275. List the prime factors of x.
3, 5, 17
Let j(f) = 18*f**3 + 3*f**2 - 2. Let b be j(-1). Let u(l) = -24*l - 300. List the prime factors of u(b).
2, 3
Let z be 22 + 2 + -7 + 4. Let l = -19 + z. Suppose 0 = -2*y - 10, 4*k + k + l*y - 230 = 0. What are the prime factors of k?
2, 3
Let s(r) = -4*r + 35. Suppose -3*l - 255 = 3*c, 8*l + c + 405 = 3*l. Let k = l - -87. What are the prime factors of s(k)?
7
Let i(p) = -p**2 + 8*p + 5. Let m be i(0). Suppose 0 = m*w - 810 - 130. List the prime factors of w.
2, 47
List the prime factors of ((-398)/1*(-18)/20)/(1/65).
3, 13, 199
Suppose -2*v = -b + 5965 - 1859, 2*b - v - 8212 = 0. List the prime factors of b.
2, 2053
Let k(m) = -1831*m - 41. Let i be k(-6). Suppose -117*r + i = -106*r. What are the prime factors of r?
5, 199
Suppose -32 = -10*x - 12. Suppose 0*y + y - m = 132, 5*y + x*m - 667 = 0. Suppose 4*r - y + 37 = 0. List the prime factors of r.
2, 3
Suppose -r - 4*s + 1632 = -2388, 0 = -s - 2. What are the prime factors of r?
2, 19, 53
Let i(u) = u**3 + 57*u**2 + 25*u - 2. List the prime factors of i(-56).
2, 3, 17
Let h be -3 - (5 - (0 - -10)). Suppose 40 - 458 = -h*y. List the prime factors of y.
11, 19
List the prime factors of (-43848)/42*29/(-4).
3, 29
Let l be 1/(22/(-4)) + 310477/253. Suppose 0 = h + 2*h - l. List the prime factors of h.
409
Let o(c) be the third derivative of c**6/120 + c**5/12 - 23*c**4/24 - 7*c**3 - 131*c**2. List the prime factors of o(-6).
2, 3, 5
Let u be ((-4)/1 + 3)/((-2)/154). Let h = u + 83. Suppose 0 = 4*v - 2*k - 210, -3*v - k + 2*k = -h. List the prime factors of v.
5, 11
Suppose -3*k + z = -96187, 2*k - 22*z + 26*z = 64106. List the prime factors of k.
3, 10687
Let r(l) = -551*l**3 + 11*l**2 - 3*l - 32. What are the prime factors of r(-4)?
2, 5, 7, 11, 23
Let n be 6 + -4 + (-16)/(-4). Suppose -n*z + 9*z - 24 = 0. List the prime factors of 60/z*72/15.
2, 3
Let i be (4/24 - 1/6) + -775. What are the prime factors of -2 - 1 - (i + -1)?
773
Suppose 0 = -12*z - 9*z + 1827. List the prime factors of (10 + z)/(4/28).
7, 97
Suppose -f = -17 + 14. Suppose 5*x - 799 = -w - f*w, -3*w = 3*x - 477. What are the prime factors of x?
163
Let u(h) = 8*h**2 - 202*h - 4557. List the prime factors of u(-46).
3, 29, 83
Suppose 123*q - 1034042 - 690172 = 0. What are the prime factors of q?
2, 43, 163
Let v = 51406 - 28144. List the prime factors of v.
2, 3, 3877
Let t = 58125 - 32978. What are the prime factors of t?
25147
What are the prime factors of (20 + -26)*3238/(-4)?
3, 1619
Let m(b) be the first derivative of 5*b**3/3 - 7*b**2/2 - 13*b + 1. Suppose -3*z = 2*v - 15, -54*z - v - 38 = -59*z. List the prime factors of m(z).
3, 61
Suppose -t - 4*z + 9*z = -1664, -4*t = 2*z - 6546. Suppose -3*i = 28 - t. What are the prime factors of i?
3, 179
What are the prime factors of -253*(-59 + -490)*3/9?
3, 11, 23, 61
Suppose 9*b - 39923 = -2*i + 14*b, 39913 = 2*i - 3*b. List the prime factors of i.
19949
Let s(d) = -77*d**3 - 5*d**2 + d - 28. List the prime factors of s(-5).
9467
Suppose 5*d = q - 10681, -4*q + 35153 + 7571 = -4*d. List the prime factors of q.
11, 971
Let j be (3 + 0)*(-5 - (-160)/24). Suppose 0 = -5*f - 3*l + 432, -j*f + 399 = l - 35. List the prime factors of f.
3, 29
Let a be ((3/3)/(-2))/(26/(-2288)). Let f = a + -13. What are the prime factors of f?
31
Let j = 2173 + 1494. List the prime factors o